{"id":5111,"date":"2024-11-23T16:32:35","date_gmt":"2024-11-23T21:32:35","guid":{"rendered":"https:\/\/ferrekasa.com.pe\/?post_type=product&#038;p=5111"},"modified":"2025-01-30T09:57:55","modified_gmt":"2025-01-30T14:57:55","slug":"equipo-hermetico-premium-simple-18w-120cm-t5-t8-ip65-marca-macroled","status":"publish","type":"product","link":"https:\/\/huanca.org\/lumifer\/producto\/equipo-hermetico-premium-simple-18w-120cm-t5-t8-ip65-marca-macroled\/","title":{"rendered":"Equipo Herm\u00e9tico Premium Simple 18w 120cm IP65 Marca Macroled"},"content":{"rendered":"","protected":false},"excerpt":{"rendered":"<ul>\n<li><strong>Potencia de los tubos led:\u00a0\u00a0<\/strong>8W-18W<\/li>\n<li><strong>Conector: <\/strong>G13 T8<\/li>\n<li><strong>Temperatura de color:\u00a0<span style=\"color: #0000ff\">Blanca 6000K<\/span><\/strong><\/li>\n<li><strong>Protecci\u00f3n:\u00a0<\/strong>IP65 \u2013 IK06<\/li>\n<li><strong>Tensi\u00f3n nominal: <\/strong>85-265V<\/li>\n<li><strong>Material:<\/strong>\u00a0Policarbonato (PVC)<\/li>\n<li><strong>Medidas 100w:<\/strong> 1265x89x92mm<\/li>\n<\/ul>\n","protected":false},"featured_media":5112,"template":"","meta":[],"product_brand":[],"product_cat":[37],"product_tag":[],"class_list":{"0":"post-5111","1":"product","2":"type-product","3":"status-publish","4":"has-post-thumbnail","6":"product_cat-hermetico-de-60-y-120cm","8":"first","9":"instock","10":"shipping-taxable","11":"product-type-simple"},"yoast_head":"<!-- This site is optimized with the Yoast SEO plugin v25.7 - https:\/\/yoast.com\/wordpress\/plugins\/seo\/ -->\n<title>Equipo Herm\u00e9tico Premium Simple 18w 120cm IP65 Marca Macroled - Ferrekasa<\/title>\n<meta name=\"robots\" content=\"index, follow, max-snippet:-1, max-image-preview:large, max-video-preview:-1\" \/>\n<link rel=\"canonical\" href=\"https:\/\/huanca.org\/lumifer\/producto\/equipo-hermetico-premium-simple-18w-120cm-t5-t8-ip65-marca-macroled\/\" \/>\n<meta property=\"og:locale\" content=\"es_ES\" \/>\n<meta property=\"og:type\" content=\"article\" \/>\n<meta property=\"og:title\" content=\"Equipo Herm\u00e9tico Premium Simple 18w 120cm IP65 Marca Macroled - Ferrekasa\" \/>\n<meta property=\"og:description\" content=\"Potencia de los tubos led:\u00a0\u00a08W-18W  Conector: G13 T8  Temperatura de color:\u00a0Blanca 6000K  Protecci\u00f3n:\u00a0IP65 \u2013 IK06  Tensi\u00f3n nominal: 85-265V  Material:\u00a0Policarbonato (PVC)  Medidas 100w: 1265x89x92mm\" \/>\n<meta property=\"og:url\" content=\"https:\/\/huanca.org\/lumifer\/producto\/equipo-hermetico-premium-simple-18w-120cm-t5-t8-ip65-marca-macroled\/\" \/>\n<meta property=\"og:site_name\" content=\"Ferrekasa\" \/>\n<meta property=\"article:publisher\" content=\"https:\/\/www.facebook.com\/FERREKASACOMERCIAL\/\" \/>\n<meta property=\"article:modified_time\" content=\"2025-01-30T14:57:55+00:00\" \/>\n<meta property=\"og:image\" content=\"https:\/\/huanca.org\/lumifer\/wp-content\/uploads\/2024\/11\/SEFIRNKF-scaled.jpg\" \/>\n\t<meta property=\"og:image:width\" content=\"2560\" \/>\n\t<meta property=\"og:image:height\" content=\"2377\" \/>\n\t<meta property=\"og:image:type\" content=\"image\/jpeg\" \/>\n<meta name=\"twitter:card\" content=\"summary_large_image\" \/>\n<meta name=\"twitter:label1\" content=\"Tiempo de lectura\" \/>\n\t<meta name=\"twitter:data1\" content=\"1 minuto\" \/>\n<script type=\"application\/ld+json\" class=\"yoast-schema-graph\">{\"@context\":\"https:\/\/schema.org\",\"@graph\":[{\"@type\":\"WebPage\",\"@id\":\"https:\/\/huanca.org\/lumifer\/producto\/equipo-hermetico-premium-simple-18w-120cm-t5-t8-ip65-marca-macroled\/\",\"url\":\"https:\/\/huanca.org\/lumifer\/producto\/equipo-hermetico-premium-simple-18w-120cm-t5-t8-ip65-marca-macroled\/\",\"name\":\"Equipo Herm\u00e9tico Premium Simple 18w 120cm IP65 Marca Macroled - Ferrekasa\",\"isPartOf\":{\"@id\":\"https:\/\/huanca.org\/lumifer\/#website\"},\"primaryImageOfPage\":{\"@id\":\"https:\/\/huanca.org\/lumifer\/producto\/equipo-hermetico-premium-simple-18w-120cm-t5-t8-ip65-marca-macroled\/#primaryimage\"},\"image\":{\"@id\":\"https:\/\/huanca.org\/lumifer\/producto\/equipo-hermetico-premium-simple-18w-120cm-t5-t8-ip65-marca-macroled\/#primaryimage\"},\"thumbnailUrl\":\"https:\/\/huanca.org\/lumifer\/wp-content\/uploads\/2024\/11\/SEFIRNKF-scaled.jpg\",\"datePublished\":\"2024-11-23T21:32:35+00:00\",\"dateModified\":\"2025-01-30T14:57:55+00:00\",\"breadcrumb\":{\"@id\":\"https:\/\/huanca.org\/lumifer\/producto\/equipo-hermetico-premium-simple-18w-120cm-t5-t8-ip65-marca-macroled\/#breadcrumb\"},\"inLanguage\":\"es\",\"potentialAction\":[{\"@type\":\"ReadAction\",\"target\":[\"https:\/\/huanca.org\/lumifer\/producto\/equipo-hermetico-premium-simple-18w-120cm-t5-t8-ip65-marca-macroled\/\"]}]},{\"@type\":\"ImageObject\",\"inLanguage\":\"es\",\"@id\":\"https:\/\/huanca.org\/lumifer\/producto\/equipo-hermetico-premium-simple-18w-120cm-t5-t8-ip65-marca-macroled\/#primaryimage\",\"url\":\"https:\/\/huanca.org\/lumifer\/wp-content\/uploads\/2024\/11\/SEFIRNKF-scaled.jpg\",\"contentUrl\":\"https:\/\/huanca.org\/lumifer\/wp-content\/uploads\/2024\/11\/SEFIRNKF-scaled.jpg\",\"width\":2560,\"height\":2377},{\"@type\":\"BreadcrumbList\",\"@id\":\"https:\/\/huanca.org\/lumifer\/producto\/equipo-hermetico-premium-simple-18w-120cm-t5-t8-ip65-marca-macroled\/#breadcrumb\",\"itemListElement\":[{\"@type\":\"ListItem\",\"position\":1,\"name\":\"Portada\",\"item\":\"https:\/\/huanca.org\/lumifer\/\"},{\"@type\":\"ListItem\",\"position\":2,\"name\":\"Productos\",\"item\":\"https:\/\/huanca.org\/lumifer\/shop\/\"},{\"@type\":\"ListItem\",\"position\":3,\"name\":\"Equipo Herm\u00e9tico Premium Simple 18w 120cm IP65 Marca Macroled\"}]},{\"@type\":\"WebSite\",\"@id\":\"https:\/\/huanca.org\/lumifer\/#website\",\"url\":\"https:\/\/huanca.org\/lumifer\/\",\"name\":\"Ferrekasa\",\"description\":\"Tenemos los mejores productos en iluminaci\u00f3n, cerrajer\u00eda, decoraci\u00f3n del hogar y m\u00e1s.\",\"publisher\":{\"@id\":\"https:\/\/huanca.org\/lumifer\/#organization\"},\"potentialAction\":[{\"@type\":\"SearchAction\",\"target\":{\"@type\":\"EntryPoint\",\"urlTemplate\":\"https:\/\/huanca.org\/lumifer\/?s={search_term_string}\"},\"query-input\":{\"@type\":\"PropertyValueSpecification\",\"valueRequired\":true,\"valueName\":\"search_term_string\"}}],\"inLanguage\":\"es\"},{\"@type\":\"Organization\",\"@id\":\"https:\/\/huanca.org\/lumifer\/#organization\",\"name\":\"Ferrekasa\",\"url\":\"https:\/\/huanca.org\/lumifer\/\",\"logo\":{\"@type\":\"ImageObject\",\"inLanguage\":\"es\",\"@id\":\"https:\/\/huanca.org\/lumifer\/#\/schema\/logo\/image\/\",\"url\":\"https:\/\/huanca.org\/lumifer\/wp-content\/uploads\/2024\/07\/Logo_Ferrekasa.svg\",\"contentUrl\":\"https:\/\/huanca.org\/lumifer\/wp-content\/uploads\/2024\/07\/Logo_Ferrekasa.svg\",\"width\":177,\"height\":112,\"caption\":\"Ferrekasa\"},\"image\":{\"@id\":\"https:\/\/huanca.org\/lumifer\/#\/schema\/logo\/image\/\"},\"sameAs\":[\"https:\/\/www.facebook.com\/FERREKASACOMERCIAL\/\"]}]}<\/script>\n<!-- \/ Yoast SEO plugin. -->","yoast_head_json":{"title":"Equipo Herm\u00e9tico Premium Simple 18w 120cm IP65 Marca Macroled - Ferrekasa","robots":{"index":"index","follow":"follow","max-snippet":"max-snippet:-1","max-image-preview":"max-image-preview:large","max-video-preview":"max-video-preview:-1"},"canonical":"https:\/\/huanca.org\/lumifer\/producto\/equipo-hermetico-premium-simple-18w-120cm-t5-t8-ip65-marca-macroled\/","og_locale":"es_ES","og_type":"article","og_title":"Equipo Herm\u00e9tico Premium Simple 18w 120cm IP65 Marca Macroled - Ferrekasa","og_description":"Potencia de los tubos led:\u00a0\u00a08W-18W  Conector: G13 T8  Temperatura de color:\u00a0Blanca 6000K  Protecci\u00f3n:\u00a0IP65 \u2013 IK06  Tensi\u00f3n nominal: 85-265V  Material:\u00a0Policarbonato (PVC)  Medidas 100w: 1265x89x92mm","og_url":"https:\/\/huanca.org\/lumifer\/producto\/equipo-hermetico-premium-simple-18w-120cm-t5-t8-ip65-marca-macroled\/","og_site_name":"Ferrekasa","article_publisher":"https:\/\/www.facebook.com\/FERREKASACOMERCIAL\/","article_modified_time":"2025-01-30T14:57:55+00:00","og_image":[{"width":2560,"height":2377,"url":"https:\/\/huanca.org\/lumifer\/wp-content\/uploads\/2024\/11\/SEFIRNKF-scaled.jpg","type":"image\/jpeg"}],"twitter_card":"summary_large_image","twitter_misc":{"Tiempo de lectura":"1 minuto"},"schema":{"@context":"https:\/\/schema.org","@graph":[{"@type":"WebPage","@id":"https:\/\/huanca.org\/lumifer\/producto\/equipo-hermetico-premium-simple-18w-120cm-t5-t8-ip65-marca-macroled\/","url":"https:\/\/huanca.org\/lumifer\/producto\/equipo-hermetico-premium-simple-18w-120cm-t5-t8-ip65-marca-macroled\/","name":"Equipo Herm\u00e9tico Premium Simple 18w 120cm IP65 Marca Macroled - Ferrekasa","isPartOf":{"@id":"https:\/\/huanca.org\/lumifer\/#website"},"primaryImageOfPage":{"@id":"https:\/\/huanca.org\/lumifer\/producto\/equipo-hermetico-premium-simple-18w-120cm-t5-t8-ip65-marca-macroled\/#primaryimage"},"image":{"@id":"https:\/\/huanca.org\/lumifer\/producto\/equipo-hermetico-premium-simple-18w-120cm-t5-t8-ip65-marca-macroled\/#primaryimage"},"thumbnailUrl":"https:\/\/huanca.org\/lumifer\/wp-content\/uploads\/2024\/11\/SEFIRNKF-scaled.jpg","datePublished":"2024-11-23T21:32:35+00:00","dateModified":"2025-01-30T14:57:55+00:00","breadcrumb":{"@id":"https:\/\/huanca.org\/lumifer\/producto\/equipo-hermetico-premium-simple-18w-120cm-t5-t8-ip65-marca-macroled\/#breadcrumb"},"inLanguage":"es","potentialAction":[{"@type":"ReadAction","target":["https:\/\/huanca.org\/lumifer\/producto\/equipo-hermetico-premium-simple-18w-120cm-t5-t8-ip65-marca-macroled\/"]}]},{"@type":"ImageObject","inLanguage":"es","@id":"https:\/\/huanca.org\/lumifer\/producto\/equipo-hermetico-premium-simple-18w-120cm-t5-t8-ip65-marca-macroled\/#primaryimage","url":"https:\/\/huanca.org\/lumifer\/wp-content\/uploads\/2024\/11\/SEFIRNKF-scaled.jpg","contentUrl":"https:\/\/huanca.org\/lumifer\/wp-content\/uploads\/2024\/11\/SEFIRNKF-scaled.jpg","width":2560,"height":2377},{"@type":"BreadcrumbList","@id":"https:\/\/huanca.org\/lumifer\/producto\/equipo-hermetico-premium-simple-18w-120cm-t5-t8-ip65-marca-macroled\/#breadcrumb","itemListElement":[{"@type":"ListItem","position":1,"name":"Portada","item":"https:\/\/huanca.org\/lumifer\/"},{"@type":"ListItem","position":2,"name":"Productos","item":"https:\/\/huanca.org\/lumifer\/shop\/"},{"@type":"ListItem","position":3,"name":"Equipo Herm\u00e9tico Premium Simple 18w 120cm IP65 Marca Macroled"}]},{"@type":"WebSite","@id":"https:\/\/huanca.org\/lumifer\/#website","url":"https:\/\/huanca.org\/lumifer\/","name":"Ferrekasa","description":"Tenemos los mejores productos en iluminaci\u00f3n, cerrajer\u00eda, decoraci\u00f3n del hogar y m\u00e1s.","publisher":{"@id":"https:\/\/huanca.org\/lumifer\/#organization"},"potentialAction":[{"@type":"SearchAction","target":{"@type":"EntryPoint","urlTemplate":"https:\/\/huanca.org\/lumifer\/?s={search_term_string}"},"query-input":{"@type":"PropertyValueSpecification","valueRequired":true,"valueName":"search_term_string"}}],"inLanguage":"es"},{"@type":"Organization","@id":"https:\/\/huanca.org\/lumifer\/#organization","name":"Ferrekasa","url":"https:\/\/huanca.org\/lumifer\/","logo":{"@type":"ImageObject","inLanguage":"es","@id":"https:\/\/huanca.org\/lumifer\/#\/schema\/logo\/image\/","url":"https:\/\/huanca.org\/lumifer\/wp-content\/uploads\/2024\/07\/Logo_Ferrekasa.svg","contentUrl":"https:\/\/huanca.org\/lumifer\/wp-content\/uploads\/2024\/07\/Logo_Ferrekasa.svg","width":177,"height":112,"caption":"Ferrekasa"},"image":{"@id":"https:\/\/huanca.org\/lumifer\/#\/schema\/logo\/image\/"},"sameAs":["https:\/\/www.facebook.com\/FERREKASACOMERCIAL\/"]}]}},"_links":{"self":[{"href":"https:\/\/huanca.org\/lumifer\/wp-json\/wp\/v2\/product\/5111","targetHints":{"allow":["GET"]}}],"collection":[{"href":"https:\/\/huanca.org\/lumifer\/wp-json\/wp\/v2\/product"}],"about":[{"href":"https:\/\/huanca.org\/lumifer\/wp-json\/wp\/v2\/types\/product"}],"version-history":[{"count":1,"href":"https:\/\/huanca.org\/lumifer\/wp-json\/wp\/v2\/product\/5111\/revisions"}],"predecessor-version":[{"id":11578,"href":"https:\/\/huanca.org\/lumifer\/wp-json\/wp\/v2\/product\/5111\/revisions\/11578"}],"wp:featuredmedia":[{"embeddable":true,"href":"https:\/\/huanca.org\/lumifer\/wp-json\/wp\/v2\/media\/5112"}],"wp:attachment":[{"href":"https:\/\/huanca.org\/lumifer\/wp-json\/wp\/v2\/media?parent=5111"}],"wp:term":[{"taxonomy":"product_brand","embeddable":true,"href":"https:\/\/huanca.org\/lumifer\/wp-json\/wp\/v2\/product_brand?post=5111"},{"taxonomy":"product_cat","embeddable":true,"href":"https:\/\/huanca.org\/lumifer\/wp-json\/wp\/v2\/product_cat?post=5111"},{"taxonomy":"product_tag","embeddable":true,"href":"https:\/\/huanca.org\/lumifer\/wp-json\/wp\/v2\/product_tag?post=5111"}],"curies":[{"name":"wp","href":"https:\/\/api.w.org\/{rel}","templated":true}]}}