{"id":12410,"date":"2025-03-28T16:16:41","date_gmt":"2025-03-28T21:16:41","guid":{"rendered":"https:\/\/ferrekasa.com.pe\/?post_type=product&#038;p=12410"},"modified":"2025-03-28T16:16:41","modified_gmt":"2025-03-28T21:16:41","slug":"downlight-led-integrado-3cct-15w-20w-35w","status":"publish","type":"product","link":"https:\/\/huanca.org\/lumifer\/producto\/downlight-led-integrado-3cct-15w-20w-35w\/","title":{"rendered":"Downlight Led Integrado 3CCT 15W &#8211; 20W &#8211; 35W"},"content":{"rendered":"","protected":false},"excerpt":{"rendered":"<ul>\n<li><strong>TIPO DE LUZ 3CCT<\/strong>\u00a0:\u00a0<strong><span style=\"color: #ffcc99\">Luz C\u00e1lida 3000K<\/span> \u2013 <span style=\"color: #c5e3c5\">Luz Neutra 4000k<\/span> &#8211; <span style=\"color: #99ccff\">Luz Blanca 6000K<\/span><\/strong><\/li>\n<li><strong>Instalaci\u00f3n :<\/strong> Adosado o Empotrado<\/li>\n<li><strong>Factor de potencia : <\/strong>PF 0.9<\/li>\n<li><strong>Material cuerpo :<\/strong> Aluminio y Metal<\/li>\n<li><strong>Material difusor :<\/strong> Policarbonato<\/li>\n<li><strong>Acabado :<\/strong> Mate &#8211; Exterior \/ Satinado &#8211; Interior<\/li>\n<li><strong>Color :<\/strong> Blanco<\/li>\n<li><strong>Potencia<\/strong> : 15w &#8211; 20w &#8211; 35w<\/li>\n<li><strong>Lumenes :<\/strong> 1200lm &#8211; 1640lm &#8211; 2800lm<\/li>\n<li><strong>Dimensiones\u00a0 15w<\/strong> : \u00d8147.6x120mm<\/li>\n<li><strong>Dimensiones\u00a0 20w :<\/strong> \u00d8176.6x130mm<\/li>\n<li><strong>Dimensiones\u00a0 35w :<\/strong> \u00a0\u00d8231.9x160mm<\/li>\n<li><strong>INTEGRADO<\/strong><\/li>\n<\/ul>\n","protected":false},"featured_media":12412,"template":"","meta":[],"product_brand":[],"product_cat":[99],"product_tag":[],"class_list":{"0":"post-12410","1":"product","2":"type-product","3":"status-publish","4":"has-post-thumbnail","6":"product_cat-tachitos-adosados-al-techo","8":"first","9":"instock","10":"shipping-taxable","11":"product-type-simple"},"yoast_head":"<!-- This site is optimized with the Yoast SEO plugin v25.7 - https:\/\/yoast.com\/wordpress\/plugins\/seo\/ -->\n<title>Downlight Led Integrado 3CCT 15W - 20W - 35W - Ferrekasa<\/title>\n<meta name=\"robots\" content=\"index, follow, max-snippet:-1, max-image-preview:large, max-video-preview:-1\" \/>\n<link rel=\"canonical\" href=\"https:\/\/huanca.org\/lumifer\/producto\/downlight-led-integrado-3cct-15w-20w-35w\/\" \/>\n<meta property=\"og:locale\" content=\"es_ES\" \/>\n<meta property=\"og:type\" content=\"article\" \/>\n<meta property=\"og:title\" content=\"Downlight Led Integrado 3CCT 15W - 20W - 35W - Ferrekasa\" \/>\n<meta property=\"og:description\" content=\"TIPO DE LUZ 3CCT\u00a0:\u00a0Luz C\u00e1lida 3000K \u2013 Luz Neutra 4000k - Luz Blanca 6000K  Instalaci\u00f3n : Adosado o Empotrado  Factor de potencia : PF 0.9  Material cuerpo : Aluminio y Metal  Material difusor : Policarbonato  Acabado : Mate - Exterior \/ Satinado - Interior  Color : Blanco  Potencia : 15w - 20w - 35w  Lumenes : 1200lm - 1640lm - 2800lm  Dimensiones\u00a0 15w : \u00d8147.6x120mm  Dimensiones\u00a0 20w : \u00d8176.6x130mm  Dimensiones\u00a0 35w : \u00a0\u00d8231.9x160mm  INTEGRADO\" \/>\n<meta property=\"og:url\" content=\"https:\/\/huanca.org\/lumifer\/producto\/downlight-led-integrado-3cct-15w-20w-35w\/\" \/>\n<meta property=\"og:site_name\" content=\"Ferrekasa\" \/>\n<meta property=\"article:publisher\" content=\"https:\/\/www.facebook.com\/FERREKASACOMERCIAL\/\" \/>\n<meta property=\"og:image\" content=\"https:\/\/huanca.org\/lumifer\/wp-content\/uploads\/2025\/03\/categoria-y-producto-28-1.png\" \/>\n\t<meta property=\"og:image:width\" content=\"349\" \/>\n\t<meta property=\"og:image:height\" content=\"349\" \/>\n\t<meta property=\"og:image:type\" content=\"image\/png\" \/>\n<meta name=\"twitter:card\" content=\"summary_large_image\" \/>\n<meta name=\"twitter:label1\" content=\"Tiempo de lectura\" \/>\n\t<meta name=\"twitter:data1\" content=\"1 minuto\" \/>\n<script type=\"application\/ld+json\" class=\"yoast-schema-graph\">{\"@context\":\"https:\/\/schema.org\",\"@graph\":[{\"@type\":\"WebPage\",\"@id\":\"https:\/\/huanca.org\/lumifer\/producto\/downlight-led-integrado-3cct-15w-20w-35w\/\",\"url\":\"https:\/\/huanca.org\/lumifer\/producto\/downlight-led-integrado-3cct-15w-20w-35w\/\",\"name\":\"Downlight Led Integrado 3CCT 15W - 20W - 35W - Ferrekasa\",\"isPartOf\":{\"@id\":\"https:\/\/huanca.org\/lumifer\/#website\"},\"primaryImageOfPage\":{\"@id\":\"https:\/\/huanca.org\/lumifer\/producto\/downlight-led-integrado-3cct-15w-20w-35w\/#primaryimage\"},\"image\":{\"@id\":\"https:\/\/huanca.org\/lumifer\/producto\/downlight-led-integrado-3cct-15w-20w-35w\/#primaryimage\"},\"thumbnailUrl\":\"https:\/\/huanca.org\/lumifer\/wp-content\/uploads\/2025\/03\/categoria-y-producto-28-1.png\",\"datePublished\":\"2025-03-28T21:16:41+00:00\",\"breadcrumb\":{\"@id\":\"https:\/\/huanca.org\/lumifer\/producto\/downlight-led-integrado-3cct-15w-20w-35w\/#breadcrumb\"},\"inLanguage\":\"es\",\"potentialAction\":[{\"@type\":\"ReadAction\",\"target\":[\"https:\/\/huanca.org\/lumifer\/producto\/downlight-led-integrado-3cct-15w-20w-35w\/\"]}]},{\"@type\":\"ImageObject\",\"inLanguage\":\"es\",\"@id\":\"https:\/\/huanca.org\/lumifer\/producto\/downlight-led-integrado-3cct-15w-20w-35w\/#primaryimage\",\"url\":\"https:\/\/huanca.org\/lumifer\/wp-content\/uploads\/2025\/03\/categoria-y-producto-28-1.png\",\"contentUrl\":\"https:\/\/huanca.org\/lumifer\/wp-content\/uploads\/2025\/03\/categoria-y-producto-28-1.png\",\"width\":349,\"height\":349},{\"@type\":\"BreadcrumbList\",\"@id\":\"https:\/\/huanca.org\/lumifer\/producto\/downlight-led-integrado-3cct-15w-20w-35w\/#breadcrumb\",\"itemListElement\":[{\"@type\":\"ListItem\",\"position\":1,\"name\":\"Portada\",\"item\":\"https:\/\/huanca.org\/lumifer\/\"},{\"@type\":\"ListItem\",\"position\":2,\"name\":\"Productos\",\"item\":\"https:\/\/huanca.org\/lumifer\/shop\/\"},{\"@type\":\"ListItem\",\"position\":3,\"name\":\"Downlight Led Integrado 3CCT 15W &#8211; 20W &#8211; 35W\"}]},{\"@type\":\"WebSite\",\"@id\":\"https:\/\/huanca.org\/lumifer\/#website\",\"url\":\"https:\/\/huanca.org\/lumifer\/\",\"name\":\"Ferrekasa\",\"description\":\"Tenemos los mejores productos en iluminaci\u00f3n, cerrajer\u00eda, decoraci\u00f3n del hogar y m\u00e1s.\",\"publisher\":{\"@id\":\"https:\/\/huanca.org\/lumifer\/#organization\"},\"potentialAction\":[{\"@type\":\"SearchAction\",\"target\":{\"@type\":\"EntryPoint\",\"urlTemplate\":\"https:\/\/huanca.org\/lumifer\/?s={search_term_string}\"},\"query-input\":{\"@type\":\"PropertyValueSpecification\",\"valueRequired\":true,\"valueName\":\"search_term_string\"}}],\"inLanguage\":\"es\"},{\"@type\":\"Organization\",\"@id\":\"https:\/\/huanca.org\/lumifer\/#organization\",\"name\":\"Ferrekasa\",\"url\":\"https:\/\/huanca.org\/lumifer\/\",\"logo\":{\"@type\":\"ImageObject\",\"inLanguage\":\"es\",\"@id\":\"https:\/\/huanca.org\/lumifer\/#\/schema\/logo\/image\/\",\"url\":\"https:\/\/huanca.org\/lumifer\/wp-content\/uploads\/2024\/07\/Logo_Ferrekasa.svg\",\"contentUrl\":\"https:\/\/huanca.org\/lumifer\/wp-content\/uploads\/2024\/07\/Logo_Ferrekasa.svg\",\"width\":177,\"height\":112,\"caption\":\"Ferrekasa\"},\"image\":{\"@id\":\"https:\/\/huanca.org\/lumifer\/#\/schema\/logo\/image\/\"},\"sameAs\":[\"https:\/\/www.facebook.com\/FERREKASACOMERCIAL\/\"]}]}<\/script>\n<!-- \/ Yoast SEO plugin. -->","yoast_head_json":{"title":"Downlight Led Integrado 3CCT 15W - 20W - 35W - Ferrekasa","robots":{"index":"index","follow":"follow","max-snippet":"max-snippet:-1","max-image-preview":"max-image-preview:large","max-video-preview":"max-video-preview:-1"},"canonical":"https:\/\/huanca.org\/lumifer\/producto\/downlight-led-integrado-3cct-15w-20w-35w\/","og_locale":"es_ES","og_type":"article","og_title":"Downlight Led Integrado 3CCT 15W - 20W - 35W - Ferrekasa","og_description":"TIPO DE LUZ 3CCT\u00a0:\u00a0Luz C\u00e1lida 3000K \u2013 Luz Neutra 4000k - Luz Blanca 6000K  Instalaci\u00f3n : Adosado o Empotrado  Factor de potencia : PF 0.9  Material cuerpo : Aluminio y Metal  Material difusor : Policarbonato  Acabado : Mate - Exterior \/ Satinado - Interior  Color : Blanco  Potencia : 15w - 20w - 35w  Lumenes : 1200lm - 1640lm - 2800lm  Dimensiones\u00a0 15w : \u00d8147.6x120mm  Dimensiones\u00a0 20w : \u00d8176.6x130mm  Dimensiones\u00a0 35w : \u00a0\u00d8231.9x160mm  INTEGRADO","og_url":"https:\/\/huanca.org\/lumifer\/producto\/downlight-led-integrado-3cct-15w-20w-35w\/","og_site_name":"Ferrekasa","article_publisher":"https:\/\/www.facebook.com\/FERREKASACOMERCIAL\/","og_image":[{"width":349,"height":349,"url":"https:\/\/huanca.org\/lumifer\/wp-content\/uploads\/2025\/03\/categoria-y-producto-28-1.png","type":"image\/png"}],"twitter_card":"summary_large_image","twitter_misc":{"Tiempo de lectura":"1 minuto"},"schema":{"@context":"https:\/\/schema.org","@graph":[{"@type":"WebPage","@id":"https:\/\/huanca.org\/lumifer\/producto\/downlight-led-integrado-3cct-15w-20w-35w\/","url":"https:\/\/huanca.org\/lumifer\/producto\/downlight-led-integrado-3cct-15w-20w-35w\/","name":"Downlight Led Integrado 3CCT 15W - 20W - 35W - Ferrekasa","isPartOf":{"@id":"https:\/\/huanca.org\/lumifer\/#website"},"primaryImageOfPage":{"@id":"https:\/\/huanca.org\/lumifer\/producto\/downlight-led-integrado-3cct-15w-20w-35w\/#primaryimage"},"image":{"@id":"https:\/\/huanca.org\/lumifer\/producto\/downlight-led-integrado-3cct-15w-20w-35w\/#primaryimage"},"thumbnailUrl":"https:\/\/huanca.org\/lumifer\/wp-content\/uploads\/2025\/03\/categoria-y-producto-28-1.png","datePublished":"2025-03-28T21:16:41+00:00","breadcrumb":{"@id":"https:\/\/huanca.org\/lumifer\/producto\/downlight-led-integrado-3cct-15w-20w-35w\/#breadcrumb"},"inLanguage":"es","potentialAction":[{"@type":"ReadAction","target":["https:\/\/huanca.org\/lumifer\/producto\/downlight-led-integrado-3cct-15w-20w-35w\/"]}]},{"@type":"ImageObject","inLanguage":"es","@id":"https:\/\/huanca.org\/lumifer\/producto\/downlight-led-integrado-3cct-15w-20w-35w\/#primaryimage","url":"https:\/\/huanca.org\/lumifer\/wp-content\/uploads\/2025\/03\/categoria-y-producto-28-1.png","contentUrl":"https:\/\/huanca.org\/lumifer\/wp-content\/uploads\/2025\/03\/categoria-y-producto-28-1.png","width":349,"height":349},{"@type":"BreadcrumbList","@id":"https:\/\/huanca.org\/lumifer\/producto\/downlight-led-integrado-3cct-15w-20w-35w\/#breadcrumb","itemListElement":[{"@type":"ListItem","position":1,"name":"Portada","item":"https:\/\/huanca.org\/lumifer\/"},{"@type":"ListItem","position":2,"name":"Productos","item":"https:\/\/huanca.org\/lumifer\/shop\/"},{"@type":"ListItem","position":3,"name":"Downlight Led Integrado 3CCT 15W &#8211; 20W &#8211; 35W"}]},{"@type":"WebSite","@id":"https:\/\/huanca.org\/lumifer\/#website","url":"https:\/\/huanca.org\/lumifer\/","name":"Ferrekasa","description":"Tenemos los mejores productos en iluminaci\u00f3n, cerrajer\u00eda, decoraci\u00f3n del hogar y m\u00e1s.","publisher":{"@id":"https:\/\/huanca.org\/lumifer\/#organization"},"potentialAction":[{"@type":"SearchAction","target":{"@type":"EntryPoint","urlTemplate":"https:\/\/huanca.org\/lumifer\/?s={search_term_string}"},"query-input":{"@type":"PropertyValueSpecification","valueRequired":true,"valueName":"search_term_string"}}],"inLanguage":"es"},{"@type":"Organization","@id":"https:\/\/huanca.org\/lumifer\/#organization","name":"Ferrekasa","url":"https:\/\/huanca.org\/lumifer\/","logo":{"@type":"ImageObject","inLanguage":"es","@id":"https:\/\/huanca.org\/lumifer\/#\/schema\/logo\/image\/","url":"https:\/\/huanca.org\/lumifer\/wp-content\/uploads\/2024\/07\/Logo_Ferrekasa.svg","contentUrl":"https:\/\/huanca.org\/lumifer\/wp-content\/uploads\/2024\/07\/Logo_Ferrekasa.svg","width":177,"height":112,"caption":"Ferrekasa"},"image":{"@id":"https:\/\/huanca.org\/lumifer\/#\/schema\/logo\/image\/"},"sameAs":["https:\/\/www.facebook.com\/FERREKASACOMERCIAL\/"]}]}},"_links":{"self":[{"href":"https:\/\/huanca.org\/lumifer\/wp-json\/wp\/v2\/product\/12410","targetHints":{"allow":["GET"]}}],"collection":[{"href":"https:\/\/huanca.org\/lumifer\/wp-json\/wp\/v2\/product"}],"about":[{"href":"https:\/\/huanca.org\/lumifer\/wp-json\/wp\/v2\/types\/product"}],"version-history":[{"count":1,"href":"https:\/\/huanca.org\/lumifer\/wp-json\/wp\/v2\/product\/12410\/revisions"}],"predecessor-version":[{"id":12420,"href":"https:\/\/huanca.org\/lumifer\/wp-json\/wp\/v2\/product\/12410\/revisions\/12420"}],"wp:featuredmedia":[{"embeddable":true,"href":"https:\/\/huanca.org\/lumifer\/wp-json\/wp\/v2\/media\/12412"}],"wp:attachment":[{"href":"https:\/\/huanca.org\/lumifer\/wp-json\/wp\/v2\/media?parent=12410"}],"wp:term":[{"taxonomy":"product_brand","embeddable":true,"href":"https:\/\/huanca.org\/lumifer\/wp-json\/wp\/v2\/product_brand?post=12410"},{"taxonomy":"product_cat","embeddable":true,"href":"https:\/\/huanca.org\/lumifer\/wp-json\/wp\/v2\/product_cat?post=12410"},{"taxonomy":"product_tag","embeddable":true,"href":"https:\/\/huanca.org\/lumifer\/wp-json\/wp\/v2\/product_tag?post=12410"}],"curies":[{"name":"wp","href":"https:\/\/api.w.org\/{rel}","templated":true}]}}